- -10219. What is the remainder when 262 is divided by l?
6
Let l(b) = 241*b**2 - 231*b - 711. What is the remainder when l(-3) is divided by 119?
9
Suppose 4 = 5*f - 11, 5*c - 45 = -5*f. Let h = c + 4. What is the remainder when (0 + (-4)/(-8))/(26/2964) is divided by h?
7
Let z(n) = 13 - 7*n + n + 53 + 7*n. Calculate the remainder when 143 is divided by z(-29).
32
Let n(i) = -i**3 - 112*i**2 - 333*i - 201. What is the remainder when n(-109) is divided by 99?
57
Let n(g) = -g**3 - 29*g**2 + 96*g + 3. Let w be n(-32). Suppose -r + w*j = -489, 22*r = 18*r + j + 1912. What is the remainder when r is divided by 48?
45
Suppose 4*c - 18 = 3*p - 0*c, -p - 4*c = -10. Let s = 1 - p. What is the remainder when (84/(-11))/(-7) - (-585)/99 is divided by s?
1
Let b(v) be the first derivative of 5*v**3/3 + 16*v - 19. Let k be b(-5). Suppose -8*c + k = -307. What is the remainder when c is divided by 29?
27
Let z = 642 + -594. Suppose 323*o + z = 331*o. Calculate the remainder when 203 is divided by o.
5
Let r(n) = 8*n**3 + 2*n**2 - n - 1. Let s be r(1). Suppose 4*x + 5*p - 89 = 0, s*x = 9*x - p - 11. What is the remainder when x is divided by 9?
7
Let p be 7*((-36)/14)/(-3). Suppose p*z = 4*z - 5*l + 82, -3*z + 89 = -l. Let j(q) = -2649*q + 638466. Calculate the remainder when j(241) is divided by z.
26
Let i(f) = 18*f + 54. Let m be i(7). Let j = -136 + m. Calculate the remainder when 171 is divided by j.
39
Calculate the remainder when 21 is divided by 12*(-12 - -11) - -29.
4
Let x be 2/7 + (-2704)/(-91). Let k = x + -18. Let w = 18 - k. What is the remainder when w is divided by 1?
0
Suppose -3*r = -61*t + 55 + 19, 76 = 5*r - 2*t. What is the remainder when 14558 is divided by r?
14
Let m(u) = u**3 - 58*u**2 - 55*u - 257. Let h be m(59). Calculate the remainder when 38 is divided by 3 - -4*h/(-28).
2
Suppose 40075 = 22*d - 15*d. Suppose -17*o + d = 8*o. Calculate the remainder when o is divided by 23.
22
Let u(m) = m**2 + 33*m - 314. Let s be u(-43). Suppose -4*r - 3*h = -88 - 21, 5*r - 3*h = s. Calculate the remainder when 697 is divided by r.
22
Suppose 31*d + 623220 = -58*d + 141*d. Calculate the remainder when d is divided by 10.
5
Let i be 3/(-3 - 0)*(2 - 3). What is the remainder when 126 is divided by (897/27 - i) + (-6)/27?
30
Let x(j) = 3*j**3 + 20*j**2 + 29*j + 125. Calculate the remainder when 247 is divided by x(-6).
17
Suppose -13*w + 236 = -37. Suppose 24*z - 11*z = -182. Let s(l) = -l - 3. What is the remainder when w is divided by s(z)?
10
Let v = -607 + 625. Suppose 2*g = 5*g - 1239. What is the remainder when v is divided by ((-2)/(-3))/(g/(-105) - -4)?
8
Let j = -14541 - -14920. What is the remainder when j is divided by 32?
27
Suppose -3*f + 4*z = 2*f + 379, 0 = -3*f + 2*z - 227. Calculate the remainder when (405/f)/((-2)/10) is divided by (-2 - (-10)/4)*14.
6
Suppose 4 = 6*k - 4*k. Calculate the remainder when ((-4)/2)/((-2)/31) is divided by 69/6 - (1/k)/1.
9
Let c(b) = -b**2 - 14*b + 24. Suppose -4*r - 607 = -5*o, -5*o + 2*r = -r - 604. Calculate the remainder when o is divided by c(-14).
23
Suppose 0 = -2*i - 57 - 97. Let r be ((-17)/3)/(347/5205). Let f = i - r. What is the remainder when 47 is divided by f?
7
Let o = 43 - 39. What is the remainder when o/8*(-6)/6*-60 is divided by 26?
4
Let g = -13 - -17. Suppose 63 = 5*k - 2*r, g*k - 2*r + 15 = 5*k. Let u(m) = -m**3 + 6*m**2 + m. Calculate the remainder when k is divided by u(6).
1
Suppose -168*b + 50*b = 109*b - 17252. What is the remainder when 683 is divided by b?
75
Suppose -114 + 14 = -5*d. Let l = 1117 - 1032. Calculate the remainder when l is divided by -55*(-5)/(125/d).
41
Let j(t) = -t**2 + 270*t + 32. Calculate the remainder when 79 is divided by j(0).
15
What is the remainder when (86427/(-396))/((-6)/8) is divided by 48?
3
Let x = 5696 + -691. Calculate the remainder when x is divided by 4.
1
Suppose -83*i + 3101 = -76*i. What is the remainder when i is divided by 145?
8
What is the remainder when (-577 - -585)/(((-2)/2)/((-2722)/4)) is divided by 8?
4
Let s(a) = 29*a - 11. Let z(d) = 3*d - 19. Let r be z(7). Let m be s(r). Let p = 60 - m. What is the remainder when 45 is divided by p?
6
Suppose 14*s = -17*s + 7359 + 9443. Calculate the remainder when s is divided by 1.
0
Let c(b) = -2*b + 22. Let n be c(10). Let s = n + -2. Suppose s*z + 198 = 6*z. Calculate the remainder when z is divided by 17.
16
Let w(l) = 35*l + 70. Let p(y) = 12*y + 23. Let j(q) = 11*p(q) - 4*w(q). Let a be j(-8). Let h = a - -45. Calculate the remainder when h is divided by 17.
14
Let x = -2224 + 2654. Calculate the remainder when x is divided by 7.
3
Let x(v) = 55*v**2 + v. Let d be x(1). Suppose -d = m + 71. Let i = 189 + m. Calculate the remainder when i is divided by 8.
6
Let o be -2*7/(-6)*-3. Let x(g) = -18*g - 1475 + 718 + 702. What is the remainder when x(o) is divided by 6?
5
Let f(i) be the third derivative of 13*i**4/24 - 34*i**3/3 - 4*i**2 - 1. What is the remainder when 57 is divided by f(6)?
7
Let h(p) = -p**2 + 5*p - 4. Let f be h(4). Suppose f = -2*j + 7*j - 420. What is the remainder when j is divided by 27/(-3) + 12 - -8?
7
Let g be ((-3)/9)/(2/(-36)). What is the remainder when 106 is divided by (-29 - -53) + (g - 0)?
16
Let i be -85 - 1/((-7)/35). Let s = 106 + i. What is the remainder when s is divided by 8?
2
Let j(i) = -3*i + 49. Let a be j(10). Let u = a + -15. Suppose d - 22 = -1. What is the remainder when d is divided by u?
1
Let h(t) = 6*t**2 - 12*t + 6. Let r(n) = -3*n**3 - 4*n**2 - 7*n + 3. Calculate the remainder when r(-4) is divided by h(3).
15
Let a(u) = 4*u**3 + 3*u**2 - 23*u. Let s(b) = 2*b**3 + 2*b**2 - 12*b. Let g(k) = -4*a(k) + 10*s(k). What is the remainder when g(3) is divided by 25?
21
Let v(l) = 3*l**2 + 3*l - 2. Let q be v(1). Calculate the remainder when 0 + (4 + 65)/3 is divided by -2*1/8 - (-41)/q.
3
Let q = -1103 + 1610. Calculate the remainder when q is divided by 126.
3
Let r = -384 + 437. Suppose 5*z = -0*z + 4*x - 50, 0 = z + x + 1. Let d(l) = -2*l + 2. What is the remainder when r is divided by d(z)?
11
Let i = -37 - -47. Suppose i*s = 6*s + 44. Let a = -58 + 61. Calculate the remainder when s is divided by a.
2
Let r(t) = 2*t**2 + t + 7. Let q be r(4). Let o = q - 34. Let p = 34 - o. What is the remainder when 123 is divided by p?
23
Let s(f) be the first derivative of f**3/3 - f**2/2 + 4*f - 103. What is the remainder when 214 is divided by s(5)?
22
Let h(u) = 31*u**2 + 16*u - 28. Calculate the remainder when 1916 is divided by h(2).
124
Let t(b) be the second derivative of 7*b**3/6 - 189*b**2/2 - 75*b. Calculate the remainder when 17 is divided by t(28).
3
Suppose 0 = 4*q + 4*o - 2076, 3*o - 7*o = -3*q + 1578. What is the remainder when q is divided by 15?
12
Let w(x) = 3*x + 20. Let v be w(0). Suppose -d - 8 = -n - 3*d, 5*d - v = 5*n. Calculate the remainder when 5 + -1 + 36 + n is divided by 21.
19
Suppose -4*y - 32 = -2*x, -3*y = 300*x - 303*x + 51. Calculate the remainder when 159 is divided by x.
15
Let k = 15371 - 14989. What is the remainder when k is divided by 198?
184
Let i = 58 - 35. Let t(r) = -r**2 - r + 2. Let u be t(-1). Let h = i + u. What is the remainder when 72 is divided by h?
22
Suppose -2*i - 20 = 2*i, -f = 5*i + 24. What is the remainder when 12/(2/15 - 0/f) is divided by 23?
21
Let f = -4817 - -4836. Suppose 0*t + 2*t = 66. What is the remainder when t is divided by f?
14
Suppose 5*j - 3*j = 4*i + 494, 0 = j - 3*i - 246. Calculate the remainder when j is divided by ((-13554)/(-24))/9 - (-1)/4.
60
Let o(i) = 804*i**2 - 120*i + 484. What is the remainder when o(4) is divided by 143?
141
Suppose 249*i - 250*i + 4 = 0. Suppose -v - l = -180, -i*l - 12 = -8*l. Calculate the remainder when v is divided by 9.
6
Let a = 138 + -136. Suppose a*w = -4*h + 18, -4*w - 4*h + 39 = 11. Suppose 5*p = 2*y + 71, 6*p - 3*p + w*y = 55. What is the remainder when 43 is divided by p?
13
Let p(n) = 23*n**2 + 2*n - 2. Let g(u) = 6*u - 14. Let l = -47 - -53. Calculate the remainder when p(-2) is divided by g(l).
20
Let i(y) = 44*y - 206. What is the remainder when 298 is divided by i(8)?
6
Let q = -40 - -22. Let n(o) = o**2 + 12*o - 34. Let u(h) = h**2 - 4*h - 6. What is the remainder when n(q) is divided by u(9)?
35
What is the rem